, 213 = 4*j + s*f - 37. Calculate the remainder when j is divided by x.
14
Suppose -2*k = -3*w + 3296, -4*w + 5*k + 4266 + 131 = 0. Calculate the remainder when w is divided by 44.
42
Let p be (9 + -10)*(-2 + -1). Suppose p*y = 2*y + 25. Suppose -2*k - v = -24, -46 - y = -5*k + 3*v. Calculate the remainder when k is divided by 5.
3
Let q(z) = -z**3 + 11*z**2 - 15*z - 15. Suppose 6*p = 529 - 109. What is the remainder when p is divided by q(9)?
10
Let t be 796/18 + (-8)/36. Let f = 78 - t. Let v(q) = -8*q + 2. Calculate the remainder when f is divided by v(-2).
16
Let u be (-3 - -2) + -1 + (-27)/(-1). Suppose -2*p + u = 7. Let f(t) = t - 1. What is the remainder when p is divided by f(5)?
1
Suppose -199*u + 300 = -194*u. What is the remainder when 134 is divided by u?
14
What is the remainder when ((-5)/(-20))/((-2)/(-24))*109 is divided by 41?
40
Suppose 17 = -3*m - 4*j + 43, -j + 5 = 0. Suppose -11 = -m*s + 119. Calculate the remainder when s is divided by 17.
14
What is the remainder when 83 is divided by -2 + (-184)/(-13) - 100/650?
11
Let v = -2172 + 2270. What is the remainder when 973 is divided by v?
91
Let m be 9*(-2 - 5/(-3)). Let b(x) = -x**3 - 3*x**2 - x. Let q be b(m). What is the remainder when 65 is divided by ((-1)/q)/((-1)/66)?
21
Let w(m) = -m**3 + 5*m**2 - m - 3. Calculate the remainder when w(3) is divided by 2/(-8) + (-187)/(-44).
0
Suppose -220 = -2*n - 2*s, 0*n - 185 = -2*n + 5*s. Calculate the remainder when n is divided by 36.
33
Suppose 0 = 5*h + 3*l - 645, -9*h - 4*l - 548 = -13*h. What is the remainder when h is divided by 9?
6
Let o = -297 - -303. What is the remainder when 77 is divided by o?
5
Suppose -4*m = c - 29, -2*m - m = 5*c - 77. Let p = c - 2. What is the remainder when 31 is divided by p?
9
Calculate the remainder when (-3628)/(-36) - -5 - 2/(-9) is divided by 25.
6
Let n(u) = -u**2 - 196*u - 5780. Suppose -t + 23 = -4*c, -2*c = 2*t - t - 41. What is the remainder when n(-159) is divided by t?
33
Let y(s) = -137*s**3 - 3*s**2 - s + 1. What is the remainder when y(-1) is divided by 30?
16
Suppose 0 = -2*v - h + 1, 0 = 5*v + 4*h + 2. Suppose -v*d + 8 + 17 = 3*g, -d = -2*g - 16. What is the remainder when 27 is divided by d?
13
Let k = -212 - -241. What is the remainder when 139 is divided by k?
23
Let f(v) = -v**2 + 12*v - 6. Suppose 2*s - 8 = 10. What is the remainder when f(s) is divided by (16/12)/(4/18)?
3
Suppose -2 - 2 = -d. Suppose 0 = -5*x - 2*o + 6, 2*x + o + 18 = 20. Calculate the remainder when d is divided by x.
0
Let x(j) be the third derivative of j**6/120 - j**5/6 - j**4/24 + 23*j**3/6 - 4*j**2. What is the remainder when 63 is divided by x(10)?
11
Suppose -3*y + 2*y - 5*d + 129 = 0, 3*y = 5*d + 387. Let r = y - 71. Let i = r - 36. What is the remainder when i is divided by 12?
10
Suppose -10*j = -6*j - 92. Calculate the remainder when 134 is divided by j.
19
Let b = 53 + -9. What is the remainder when 169 is divided by b?
37
Suppose 0 = -7*c + 5*c + 34. Let p = c + -15. Suppose -2 = l + 3*q + p*q, -5*l + q = -42. Calculate the remainder when 13 is divided by l.
5
Suppose -3*l + d = -184 + 33, -118 = -2*l + 5*d. Let m = -42 + l. Calculate the remainder when 60 is divided by m.
4
Suppose r + 179 = -6*b + b, 2*r = -5*b - 348. What is the remainder when (-2)/((-12)/9)*-2 - r is divided by 21?
19
Suppose 42*k - 43*k - 4*f + 76 = 0, f - 274 = -4*k. Calculate the remainder when k is divided by 14 + 0/1 - 0.
12
Suppose -23*h + 70 = -22*h - 3*z, 0 = 4*h - z - 313. Calculate the remainder when h is divided by 12.
7
Let a(z) = -4*z - 2. Suppose 4 - 1 = -2*f + r, 0 = -3*f + 5*r + 13. What is the remainder when a(f) is divided by 9?
5
Let b be (-99)/((81/6)/(-9)). Let h = -45 + b. What is the remainder when h is divided by 3?
0
Suppose 4*b = 3*v - 116, 2*b + 138 = 7*v - 3*v. Calculate the remainder when 57 is divided by v.
25
Suppose 0 = 3*m - 0*m. Suppose -11 = -5*z + 4*z - 3*u, -5*u + 10 = m. Calculate the remainder when 16 is divided by z.
1
Suppose 139*g - 201 = 128*g + 63. What is the remainder when (-1*1 + 2)*115 is divided by g?
19
Suppose 41 = -16*a + 169. Calculate the remainder when 29 is divided by a.
5
Let v be (-2 - -2)/(-8 - -9). Suppose v*g + 20 = 5*g. What is the remainder when 14 is divided by g?
2
Let r(n) = n**2 + 10*n. Let y be r(-10). Suppose m - 3*a + 4 - 1 = y, 3*a = 2*m - 6. What is the remainder when 43 is divided by m?
7
Let g(v) = 17*v**2 - v + 2. Let l be g(2). Let h = -47 + l. Suppose -10 = 5*q, 4*m + 2*q - 34 = 7*q. What is the remainder when h is divided by m?
3
Suppose -5*h + 0*h - 120 = -4*g, 0 = 5*g + 4*h - 191. Suppose 0*x = -x + 5*r + 6, 3*r = 5*x - 30. What is the remainder when g is divided by -8*5/(-20)*x?
11
Suppose 2*d - z = -2*d - 22, 0 = -d - z - 3. What is the remainder when d/(20/(-8)) - -45 is divided by 6?
5
Suppose -l - q = -178 - 41, -3*l - 5*q = -665. Calculate the remainder when l is divided by 27.
26
Let z(f) = -6*f**3 - 7*f**2 - 11*f - 12. What is the remainder when z(-2) is divided by 4?
2
Suppose -129 = -2*y - 9. Calculate the remainder when y is divided by (2/(-4))/((-1)/186*3).
29
Let h = 72 - 81. Let f(z) = z**3 + 9*z**2 - 5*z - 18. What is the remainder when 106 is divided by f(h)?
25
What is the remainder when 224 is divided by (1 + 1/2)/(10/380)?
53
Let i(m) be the second derivative of 2*m**5/5 - m**4/12 - m**3/6 - m**2/2 + 3*m. Calculate the remainder when i(3) is divided by 41.
39
Let y be 0 - (0 - (0 - -2)). Let h = y + 13. What is the remainder when 57 is divided by h?
12
Let t = 38 - 35. Suppose 0 = 3*l + d - 189, 4*l - 252 = t*d - 8*d. Calculate the remainder when l is divided by 33.
30
Suppose 6*n - 6*n = n. Suppose -2*o + 4 + 4 = n, d + 5*o - 29 = 0. What is the remainder when 14 is divided by d?
5
Let w(f) = -f**2 + 2*f + 21. Suppose -58 = -5*p + 247. What is the remainder when p is divided by w(0)?
19
Let a(l) = -4 - 10*l + 7*l**2 + 10 - 8*l**2 + 4. What is the remainder when a(-8) is divided by 14?
12
Let c(f) = 153*f**2 + 7*f - 7. What is the remainder when c(1) is divided by 12?
9
Let p = -176 - -309. What is the remainder when p is divided by 26?
3
What is the remainder when ((-6)/15)/((-5)/(-4900)*-4) is divided by 20?
18
Suppose 2 = -k - 0. What is the remainder when k/6 + 28/12 is divided by ((-3)/(-2))/((-9)/(-12))?
0
Suppose 0 = 2*q - 5 - 11. Let c = -88 + 91. Suppose -3*w - 3*b + 27 + 0 = 0, -c*b - 8 = -4*w. What is the remainder when q is divided by w?
3
Let m be -72*(4/8 + 1 - 2). What is the remainder when 45 is divided by (m/(-24) + (-62)/4)*-1?
11
Suppose 4*p - 66 = -2*f, -29*p + 34 = f - 26*p. Calculate the remainder when 184 is divided by f.
29
Calculate the remainder when 1137 is divided by 11 + 1 + 4*(-14)/8.
2
Suppose -64090 = -30*u - 22570. Calculate the remainder when u is divided by 6.
4
Suppose 15*k - 17*k = -86. Let c(z) = 17*z - 107. Calculate the remainder when k is divided by c(7).
7
Let m = -755 - -826. What is the remainder when m is divided by 29?
13
Suppose 8 = -f + 4*r, 0*f - r + 2 = 2*f. What is the remainder when 57 is divided by (12/(-5) + f)*(-45 + 40)?
9
Suppose -2*v = -k + 29, 0 = 4*k + 3*v - 28 - 66. Calculate the remainder when 49 is divided by k.
24
Let l = 87 + -172. Let c = -50 - l. What is the remainder when c is divided by (-37)/(-2) - 4/8?
17
Suppose -2*m = -3*q + 149, -5*q + 275 = -m + 3*m. Suppose -9*p = -8*p - 25. Suppose 0 = 2*u - p - 3. What is the remainder when q is divided by u?
11
Let u = 16 + 9. Suppose 6*m = -5*m - 330. Calculate the remainder when (24/10)/((-1)/m) is divided by u.
22
Suppose -1 - 6 = -z. Let g be (4 - (2 + 1)) + 3/(-3). Suppose g = 3*j - 107 + 74. Calculate the remainder when j is divided by z.
4
Let u = -302 + 307. Calculate the remainder when 86 is divided by u.
1
What is the remainder when 1032 is divided by 1*(-2 + 4)*(-15)/(-2)?
12
Let h = -3481 - -3537. Calculate the remainder when h is divided by 1/(1 + 11/(-12)).
8
What is the remainder when 381 is divided by (3/12)/(-9*1/(-1836))?
24
Let c(o) = -9*o. Let u be c(-1). Let s be 156/u - (-3)/(-9). Let z = s - -3. What is the remainder when z is divided by 13?
7
What is the remainder when 2399 is divided by (-344)/(-14) - (1200/(-105))/(-20)?
23
Suppose -y = 5*i - 68, 4*i + 3*y - 38 - 23 = 0. Suppose 